) - (25 - 6)?
-19
What is the value of 6 + (27 - (-6 + 25))?
14
Calculate (28 - 44) + 12 - (-5 + -33).
34
What is the value of 106 + (-87 - 3) + -12?
4
What is the value of 10 - 6 - 9 - (-15 - -54 - (0 + 6))?
-38
What is 26 - (-18 - -40 - 16)?
20
What is the value of -38 - -82 - (23 + -17)?
38
(-7 - -9 - -15) + (-18 - -27)
26
What is 80 + -25 + (20 - (-36 + 46))?
65
What is the value of 20 + (-8 - (50 + -34)) + 35?
31
Evaluate (3 + (-3 - (10 - -63)) - (1 - 10)) + 9.
-55
-70 - 1 - (-143 + (-27 - -155))
-56
What is the value of 107 + 6 + (-3 - (-8 + (-5 - -15)) - -12)?
120
32 + -1 + -7 + 2 + -39 + 42
29
What is -59 + (22 + -7 - ((4 - 2) + -7 - -13))?
-52
What is the value of 7 + -36 + 19 - 1 - 23?
-34
What is the value of (45 + -158 - 18) + 47 - (2 - 0)?
-86
Calculate -8 - (5 + -6 + (-31 - (-12 + 11) - -5)).
18
Evaluate -11 - 39 - (693 - 681).
-62
Evaluate 46 + -196 + 61 + -8.
-97
Evaluate 42 + 47 + -86 - -74 - (0 + -4 - -1).
80
What is (1 - 9) + 8 - (-60 - -2 - (1 + -2))?
57
What is the value of 44 + 8 + -55 + 16 + -13?
0
What is (-16 - (5 + -3 - (0 - -1))) + (-24987 - -24985)?
-19
What is -13509 - -13394 - (-63 - 1)?
-51
(-41 - (-96 + 130)) + -30
-105
5 + (-2 - 12) + (14 - (-5 + 14))
-4
Calculate -8 + 0 + (-1053 - -982) + -2.
-81
What is the value of 31 + -16 + 0 + -62 + 20 + (13 - 34)?
-48
-43 - (26 - 42) - 12 - -61
22
Evaluate -6 + 8 + 8 - ((-10 - 0) + 0 + 107).
-87
Evaluate -35 - -131 - (-33 - -66).
63
(0 - (32 - 1)) + (125 - 151)
-57
What is the value of -6 + (-9 - (28 - 15) - -31) + -10 + -2?
-9
-106 - -92 - (-19 - 4) - (-3 + -45 - 1)
58
Calculate 3 + -1 - -11 - (111 - (-11 - -44)).
-65
What is -11 - -35 - (3 - 12)?
33
Evaluate 1 - (53 - (-1 + -1 + (-20 - -15) + 13)).
-46
Calculate 2 - (-4 - (10 - 5) - (23 + -7 + 17)).
44
What is -2 - 39 - -105 - (27 + -1)?
38
Calculate 9 - (((-8 - -7) + 4 - 5) + 1) - 14.
-4
Calculate -51 + 30 - (-28 + 27 + (14 - 1)).
-33
Calculate (0 - 18 - (-1192 - -1187)) + 1 + -34.
-46
Calculate (-26 - (-13 - (-8 + 3))) + -26.
-44
Evaluate -49 + 38 + (2 - 1) + (-16 - -37) - 38.
-27
Calculate -16 - ((-9 - (-32 + 3)) + 1).
-37
What is the value of 156 + -141 - (9 + 1) - (-19 - 6)?
30
What is -1 + 5 + 11 + -12 + -10 + 20?
13
What is -43 - (-76 - (-36 + 24))?
21
What is 9 - 10 - (-83 + 50)?
32
Calculate (-19 - -4) + 4 + 62 + (-5 - 16).
30
Evaluate (-58 - -121 - 22) + -82.
-41
110 - 129 - (4 + 13 + -5)
-31
2 + 20 - ((91 - 59) + -39)
29
What is (1 - -13) + (-161 - -105)?
-42
What is 5 + (93 - 64 - 131)?
-97
Calculate -16 + (296 - 315) + (-31 - 3).
-69
What is 10579 + -10503 + -203 + 2?
-125
What is the value of -77 - -11 - -33 - -48?
15
Evaluate 0 - (-2 - (2 + -7) - (97 - 106)).
-12
What is 0 + 88 + (-3 - 0 - (61 + -74))?
98
Evaluate (-22 - (15 + -30)) + (10 - (0 - -5) - -69).
67
Calculate 17 + -1 + -2 + (-81 - (-16 + (-7 - -4))).
-48
What is 0 - (1 - -19) - (-189 - (-364 - -260))?
65
(6 - 6) + -17 + (77 - 91)
-31
What is the value of 3804 - 3899 - ((-3 - 0) + (9 - -1))?
-102
Calculate 246 + -96 + -232 + 155.
73
Calculate -20 + -107 + 64 + (0 - 3) + 20.
-46
What is 59 + 25 - 52 - -15?
47
Calculate -120 - -56 - -4 - -12.
-48
What is the value of -3 + (-3 - 2 - (103 + -119)) - -37?
45
7 - (203 - 107 - 108 - (2 + (0 - 1)))
20
What is (22 - 9) + -90 + 51 + 40?
14
Calculate (-22079 - -22194) + (-116 - -1).
0
What is (-15 - -2) + 28 - -14 - -7?
36
Calculate (-1 + 3 - (-65 - -58) - 2) + -3 + 55.
59
What is 33 + (-4 - 0) + (12 - (27 - (-12 + 36)))?
38
What is the value of -2 + (26 - -30 - -28)?
82
Calculate 59 - (-160 - -121) - 62.
36
0 + -40 + 30 + 44
34
What is 18 + -92 + 68 + -35?
-41
Evaluate (-20 - 20 - 55) + -5 - -6.
-94
Evaluate -47 + 42 + 32 + 11 + -14.
24
Calculate -32 + (0 - 3) + 63 + -57 + -2.
-31
(-10 - -58) + (51 + -37 - 3)
59
What is -17 + 27 + -5 + (-13 - -36 - (1 + 1))?
26
Calculate 2 + (16 - (-13 - -1 - (42 + -5))).
67
What is (49 - 71) + -2 + 49?
25
What is the value of -38 + 3 + (-63 - -47) + 45?
-6
Evaluate 5 + (1 - 1 - -11) + (-165 - 131) + 232.
-48
0 - 4 - (2 + -34 + 1 + -15)
42
What is the value of (7 - 5 - 1) + (47 - (16 + 0))?
32
-5 + (10 - -44) - 84
-35
Evaluate -98 + 14 + 38 + 62.
16
Calculate (-117 - -95) + -7 + -2 - (0 - -1).
-32
Calculate (-17 - -42) + -52 + -11.
-38
What is the value of (-13 + 7 - -57) + -93?
-42
Evaluate 3 + 7 - (25 - ((34 - 14) + -37)).
-32
Evaluate 29 + 9 + -5 + 10 + -24 + 9.
28
What is (-3 - -8) + -4 + 5 + 20 + (1 - 20)?
7
What is the value of (-31 - -32) + (18 - -6) - (16 - 4)?
13
What is the value of (-3 - -2 - 1) + -23 + (-27 - 28 - -59)?
-21
What is the value of -7 - (-4 - (-32 - -19)) - -130?
114
What is the value of (-4 - (-1 - 90)) + 622 + -663?
46
What is 7 + (-232 - (85 + -208))?
-102
12 + 14 + 9 + -22 + -14 - (2 - -9)
-12
Calculate 19 + (3 - (-14 + 13 - -22)).
1
What is the value of -10 + (29 + -16 - -4) + -3 + 10?
14
What is the value of -1 + (0 - -7) + (1339 - 1315)?
30
Calculate 142 - 81 - (2 - 4 - ((2 - 0) + 3)).
68
Calculate -3 - 25 - (-8 + 2) - (-26 - -28).
-24
Calculate (25 - (43 + -27)) + -57 + 27.
-21
What is -8 + 12 + (18 - (9 - (-12 + 13)))?
14
Evaluate (14 + -7 - -19 - 13) + -20 + (1 - 64).
-70
23 + (33 + -13 - (11 + -10 + 7) - -3)
38
Evaluate 1 + (-21 - -25) - (11 + -4 + -4 - 2).
4
(-4 - -19) + (5 - 1) + -1 + -53
-35
What is 37 + (3 + -8 - (-7 - (-2 - 6)))?
31
What is the value of 93 + -126 + 44 + 49?
60
What is the value of 78 + -1 + (11 - -6) + (1 - (-12 - -24))?
83
1 + -1 + 1 + (-31 - -67 - 137)
-100
Calculate 58 + -127 - (-73 + -19).
23
Evaluate (-20 - -10) + (-28 - ((-43 - -42) + (2 - -2))).
-41
Evaluate -37 - -2 - -10 - -14 - 3.
-14
What is the value of 8 + (2 - 79) + 132?
63
(4 + 18 - 9) + -8 + 2 + -53
-46
What is -103 - -52 - (-8 + (7 - -4))?
-54
Calculate -13 - (18 - 4) - (-9 - (9 - 21)).
-30
-14 + 23 + 17 + -19 - 36
-29
What is 65 - (312 + -94 - 53) - (-1 - (-1 - 9))?
-109
Calculate -15 + (41 - (-6 - (-23 + -8 - -16))).
17
(88 - (105 + -58)) + -79
-38
What is (1 - -1) + -1 - ((66 - 11) + -31)?
-23
Calculate 8 + (-20 - (36 + -49)).
1
-921 + 919 - (3 + (2 - 30 - -1))
22
What is -19 + 4 + -6 + (2 - 4 - -12 - 7)?
-18
(2 - -18) + (178 - 180)
18
(21 + 3 + -12 - 10) + (23 - 2)
23
11 + (-12 - 3) - 22
-26
What is -12 + 2 + (6 - 8) - (-16 + -16 + -38)?
58
What is 4 + (-3 - (-56 - 13))?
70
What is (64 - 56) + 79 + -55?
32
Evaluate 158 + -111 + -59 + (53 - (1 - 3)).
43
Calculate 2 - ((3 - -58) + (9 - (0 - (-18 - 3)))).
-47
0 - 6 - (619 + -604) - 19
-40
What is 11 - ((-16 - 2) + -18 + (10 - -56))?
-19
What is 51 + -2 - (-653 - -664)?
38
Evaluate (93 - 75) + (-26 - 0).
-8
What is 7 - ((-4 - -34) + -22 + -17)?
16
Evaluate (-114 - -332) + -170 - (-21 - -1).
68
What is (-8 - (12 - 34)) + -16 + 3 - 63?
-62
What is the value of 925 + -935 + (44 - 2)?
32
-19 - -6 - (-7 + -4) - -20
18
Evaluate 129 - (221 + -44) - -42.
-6
-2 + 8 - ((-209 - -214) + (-1 - -9))
-7
(10 - (-9 + 16)) + 153 + -161
-5
-1 + 2 + 4 + (2 - 41) + -2004 + 2042
4
(-27 - -1) + 1965 + -1964
-25
(-45 - -4 - 0) + ((-15 - -17) + -14 - -19)
-34
Calculate 28 - (-5 + (-44 - -44)).
33
What is the value of (119 - 112) + -58 - (-6 - 6)?
-39
What is (-1 + -13 + 4 - -18) + -20 + 35?
23
Calculate 2 + -2 + 20 - (185 + -92 + 47).
-120
What is 62 + -48 + 20 - (-5 + 4)?
35
What is (-15 - -35) + -24 - 16?
-20
Evaluate (-100 - (-12 - ((-17 - -12) + 6))) + -15 + 14.
-88
What is (-2302 - -2169) + 175 + -3?
39
What is the value of -19 + 14 - (3 - 29)?
21
What is the value of -64 - -21 - -45 - (1 - 142)?
143
1 + -148 + (9281 - 9164)
-30
Calculate 8 + 1 - (-2 + 0 + 17 + -2) - 4.
-8
What is the value of -57 + 43 + (-90 - (-23 + 14))?
-95
Calculate (57 - (29 + -27 + (0 - -10))) + 1 + -1.
45
What is the value of -2 + 10 + (9 - (8 + 11)) + 25 + -8?
15
What is -30 + -8 - 25 - (-1 + (0 - 0))?
-62
Evaluate 78 - (-249 - -244 - (-6 + -2)) - (4 - 0).
71
What is (10 - (-1 - -13)) + (10 - (5 - 2)) + -48?
-43
Calculate 13 + (-1 - -4) + 75 + -13 + 6.
84
Evaluate -41 + 17 + -4 + -4 + (4 - 0) + 7.
-21
What is -13 + 19 + 30 - 64?
-28
(6 - -18) + 12 + -13 + -13 + 6
16
What is the value of 123 + -5 + 34 - 57?
95
14 - -1 - 8 - (12 + -2)
-3
Evaluate 29 - (12 - 19 - -23).
13
(4 - (11 + 13 + 3)) + -30
-53
What is the value of 36 - (16 - -13 - 36)?
43
What is the value of -117 + 11 + (48 - 14)?
-72
Evaluate (-54 + 46 - (-4 - (-5 + 11))) + 31.
3